{"id":3217,"date":"2017-11-17T09:32:50","date_gmt":"2017-11-17T09:32:50","guid":{"rendered":"https:\/\/www.plm.ba\/about-us\/employees\/diana-ondelj-maksumic\/"},"modified":"2017-11-17T09:32:50","modified_gmt":"2017-11-17T09:32:50","slug":"diana-ondelj-maksumic","status":"publish","type":"page","link":"https:\/\/www.plm.ba\/en\/about-us\/employees\/diana-ondelj-maksumic\/","title":{"rendered":"Diana Ondelj Maksumi\u0107"},"content":{"rendered":"<div class=\"wpb-content-wrapper\">[vc_row][vc_column width=&#8221;2\/3&#8243;][vc_column_text]\n<h4>Ro\u0111ena je u Mostaru, 21. 12. 1969. godine. Zavr\u0161ila Pedago\u0161ku akademiju u Mostaru, odsjek bosanski jezik i knji\u017eevnost. Bila je \u010dlanica alternativne pozori\u0161ne grupe Teatar &#8220;Lik&#8221;. Od 1993. do 1997. godine \u017eivjela u Italiji i radila kao glumica u pozori\u0161nim kompanijama &#8220;Teatro del Mediterraneo&#8221; iz Genove i &#8220;Attori in corso&#8221; iz Brescie. Sa pozori\u0161tem \u201eLik Teatro-Teatro esule&#8221; i predstavom \u201eRegna un grande silenzio&#8230;\u201c u\u010destvovala je na presti\u017enim teatarskim festivalima u Italiji i \u0160vicarskoj.<\/h4>\n[\/vc_column_text][vc_column_text]\n<p>Bavi se i knji\u017eevno\u0161\u0107u. Za svoj knji\u017eevni rad dobila je nekoliko nagrada, me\u0111u kojima su Nagrada \u201eSlovo Gor\u010dina\u201c na istoimenoj knji\u017eevnoj manifestaciji u Stocu 1991. godine, za prvu neobjavljenu zbirku poezije, kao i nagrade na evropskom konkursu za najbolju pjesmu na Internacionalnom festivalu poezije \u201eGenovantasette\u201c u Genovi, Italija.<\/p>\n[\/vc_column_text][vc_column_text]\n<p>Od 1997. godine radi u Pozori\u0161tu lutaka u Mostaru kao glumica. Bila je \u010dlanica festivalskog gluma\u010dkog ansambla na manifestaciji \u201eMostarsko ljeto\u201c u predstavama \u201eTrofejne no\u0107i\u201c u re\u017eiji \u0160emsudina Gegi\u0107a 1998. godine i \u201e\u017dena Jevrejka\u201c u re\u017eiji Ned\u017eada Maksumi\u0107a 1999. godine. Preko petnaest godina \u010dlanica je Kamerne scene Centra za kulturu Grada Mostara, gdje je glumila u preko trideset premijernih izvo\u0111enja. Glumila je u predstavi \u201eChick lit\u201c Hrvatskog narodnog kazali\u0161ta u Mostaru u re\u017eiji Tanje Mileti\u0107 Oru\u010devi\u0107\u00a0 2013. godine.<\/p>\n[\/vc_column_text][vc_column_text]\n<h4 style=\"text-align: left;\"><strong>Nagrade:<\/strong><\/h4>\n<ul>\n<li>Nagrada za najbolje gluma\u010dko ostvarenje na 8. me\u0111unarodnom festivalu pozori\u0161ta za decu \u201eSubotica 2001.\u201d za kreaciju uloge Ma\u010dka u predstavi \u201cMa\u010dak u \u010dizmama\u201d u re\u017eiji Elzbiete Eysimont.<\/li>\n<li>Nagrada za najbolju glumicu na 17. susretima pozori\u0161ta\/kazali\u0161ta lutaka Bosne i Hercegovine u Bugojnu 2009. godine za uloge Stare vje\u0161tice, Gostioni\u010darke i Kraljice u predstavi \u201eKresivo\u201c u re\u017eiji Slav\u010da Malenova.<\/li>\n<\/ul>\n[\/vc_column_text][vc_column_text]\n<h4><strong>Partnerske nagrade:<\/strong><\/h4>\n<ul>\n<li>Specijalno priznanje za partnersku igru, zajedno sa Nerminom Denjo, na 18. susretima pozori\u0161ta\/kazali\u0161ta lutaka Bosne i Hercegovine u Bugojnu 2010. godine, za animaciju lutke \u017dene u predstavi \u201e\u017delim biti normalan\u201c.<\/li>\n<li>Nagrada za partnersku animaciju, zajedno sa Nerminom Denjo, na 8. lutkarskom bijenalu u Bugojnu 2015. godine, za animaciju lutke Kralja plesa u predstavi \u201eLedeno srce\u201c.<\/li>\n<\/ul>\n[\/vc_column_text][vc_column_text]\n<h4 style=\"text-align: justify;\"><strong>Kolektivne nagrade:<\/strong><\/h4>\n<ul>\n<li style=\"text-align: left;\">Specijalna nagrada za cjelovitost teatarskog izraza u lutkarskoj umetnosti za predstavu \u201c\u017delim biti normalan\u201d na 8. me\u0111unarodnom festivalu \u201cPozori\u0161te zvezdari\u0161te\u201d u Beogradu 2010. godine.<\/li>\n<li style=\"text-align: left;\">Grand Prix festivala za predstavu \u201cKresivo\u201d na 11. me\u0111unarodnom festivalu lutkarskih pozori\u0161ta za djecu \u201cLut fest\u201d u Isto\u010dnom Sarajevu 2010. godine.<\/li>\n<li style=\"text-align: left;\">Nagrada za najbolju ansambl predstavu za predstavu \u201cPinocchio\u201d na 12. me\u0111unarodnom festivalu lutkarskih pozori\u0161ta za djecu \u201cLut fest\u201d u Isto\u010dnom Sarajevu 2011. godine.<\/li>\n<li style=\"text-align: left;\">Grand Prix za najbolju predstavu festivala za predstavu \u201cPinocchio\u201dna 13. me\u0111unarodnom festivalu pozori\u0161ta za decu \u201cZlatna iskra\u201d, Kragujevac 2011. godine.<\/li>\n<li style=\"text-align: left;\">Nagrada ansamblu predstave \u201cLedeno srce\u201c za gluma\u010dko majstorstvo na 4. me\u0111unarodnom festivalu lutkarstva u Podgorici 2015. godine.<\/li>\n<\/ul>\n[\/vc_column_text][\/vc_column][vc_column width=&#8221;1\/3&#8243;][vc_single_image image=&#8221;2306&#8243; img_size=&#8221;full&#8221; style=&#8221;xtd-shadow&#8211;large-hard&#8221;][\/vc_column][\/vc_row]\n<\/div>","protected":false},"excerpt":{"rendered":"<p>Ro\u0111ena je u Mostaru, 21. 12. 1969. godine. Zavr\u0161ila Pedago\u0161ku akademiju u Mostaru, odsjek bosanski jezik i knji\u017eevnost. Bila je \u010dlanica alternativne pozori\u0161ne grupe Teatar &#8220;Lik&#8221;. Od 1993. do 1997. godine \u017eivjela u Italiji i radila kao glumica u pozori\u0161nim kompanijama &#8220;Teatro del Mediterraneo&#8221; iz Genove i &#8220;Attori in corso&#8221; iz Brescie. Sa pozori\u0161tem \u201eLik Teatro-Teatro esule&#8221; i predstavom \u201eRegna un grande silenzio&#8230;\u201c u\u010destvovala je na presti\u017enim teatarskim festivalima u Italiji i \u0160vicarskoj.<\/p>\n","protected":false},"author":2,"featured_media":0,"parent":2969,"menu_order":0,"comment_status":"closed","ping_status":"closed","template":"","meta":{"inline_featured_image":false,"footnotes":""},"class_list":["post-3217","page","type-page","status-publish","hentry"],"_links":{"self":[{"href":"https:\/\/www.plm.ba\/en\/wp-json\/wp\/v2\/pages\/3217","targetHints":{"allow":["GET"]}}],"collection":[{"href":"https:\/\/www.plm.ba\/en\/wp-json\/wp\/v2\/pages"}],"about":[{"href":"https:\/\/www.plm.ba\/en\/wp-json\/wp\/v2\/types\/page"}],"author":[{"embeddable":true,"href":"https:\/\/www.plm.ba\/en\/wp-json\/wp\/v2\/users\/2"}],"replies":[{"embeddable":true,"href":"https:\/\/www.plm.ba\/en\/wp-json\/wp\/v2\/comments?post=3217"}],"version-history":[{"count":0,"href":"https:\/\/www.plm.ba\/en\/wp-json\/wp\/v2\/pages\/3217\/revisions"}],"up":[{"embeddable":true,"href":"https:\/\/www.plm.ba\/en\/wp-json\/wp\/v2\/pages\/2969"}],"wp:attachment":[{"href":"https:\/\/www.plm.ba\/en\/wp-json\/wp\/v2\/media?parent=3217"}],"curies":[{"name":"wp","href":"https:\/\/api.w.org\/{rel}","templated":true}]}}

Diana Ondelj Maksumić

<div class="wpb-content-wrapper">[vc_row][vc_column width=&#8221;2/3&#8243;][vc_column_text]
<h4>Rođena je u Mostaru, 21. 12. 1969. godine. Završila Pedagošku akademiju u Mostaru, odsjek bosanski jezik i književnost. Bila je članica alternativne pozorišne grupe Teatar &#8220;Lik&#8221;. Od 1993. do 1997. godine živjela u Italiji i radila kao glumica u pozorišnim kompanijama &#8220;Teatro del Mediterraneo&#8221; iz Genove i &#8220;Attori in corso&#8221; iz Brescie. Sa pozorištem „Lik Teatro-Teatro esule&#8221; i predstavom „Regna un grande silenzio&#8230;“ učestvovala je na prestižnim teatarskim festivalima u Italiji i Švicarskoj.</h4>
[/vc_column_text][vc_column_text]
<p>Bavi se i književnošću. Za svoj književni rad dobila je nekoliko nagrada, među kojima su Nagrada „Slovo Gorčina“ na istoimenoj književnoj manifestaciji u Stocu 1991. godine, za prvu neobjavljenu zbirku poezije, kao i nagrade na evropskom konkursu za najbolju pjesmu na Internacionalnom festivalu poezije „Genovantasette“ u Genovi, Italija.</p>
[/vc_column_text][vc_column_text]
<p>Od 1997. godine radi u Pozorištu lutaka u Mostaru kao glumica. Bila je članica festivalskog glumačkog ansambla na manifestaciji „Mostarsko ljeto“ u predstavama „Trofejne noći“ u režiji Šemsudina Gegića 1998. godine i „Žena Jevrejka“ u režiji Nedžada Maksumića 1999. godine. Preko petnaest godina članica je Kamerne scene Centra za kulturu Grada Mostara, gdje je glumila u preko trideset premijernih izvođenja. Glumila je u predstavi „Chick lit“ Hrvatskog narodnog kazališta u Mostaru u režiji Tanje Miletić Oručević  2013. godine.</p>
[/vc_column_text][vc_column_text]
<h4 style="text-align: left;"><strong>Nagrade:</strong></h4>
<ul>
<li>Nagrada za najbolje glumačko ostvarenje na 8. međunarodnom festivalu pozorišta za decu „Subotica 2001.” za kreaciju uloge Mačka u predstavi “Mačak u čizmama” u režiji Elzbiete Eysimont.</li>
<li>Nagrada za najbolju glumicu na 17. susretima pozorišta/kazališta lutaka Bosne i Hercegovine u Bugojnu 2009. godine za uloge Stare vještice, Gostioničarke i Kraljice u predstavi „Kresivo“ u režiji Slavča Malenova.</li>
</ul>
[/vc_column_text][vc_column_text]
<h4><strong>Partnerske nagrade:</strong></h4>
<ul>
<li>Specijalno priznanje za partnersku igru, zajedno sa Nerminom Denjo, na 18. susretima pozorišta/kazališta lutaka Bosne i Hercegovine u Bugojnu 2010. godine, za animaciju lutke Žene u predstavi „Želim biti normalan“.</li>
<li>Nagrada za partnersku animaciju, zajedno sa Nerminom Denjo, na 8. lutkarskom bijenalu u Bugojnu 2015. godine, za animaciju lutke Kralja plesa u predstavi „Ledeno srce“.</li>
</ul>
[/vc_column_text][vc_column_text]
<h4 style="text-align: justify;"><strong>Kolektivne nagrade:</strong></h4>
<ul>
<li style="text-align: left;">Specijalna nagrada za cjelovitost teatarskog izraza u lutkarskoj umetnosti za predstavu “Želim biti normalan” na 8. međunarodnom festivalu “Pozorište zvezdarište” u Beogradu 2010. godine.</li>
<li style="text-align: left;">Grand Prix festivala za predstavu “Kresivo” na 11. međunarodnom festivalu lutkarskih pozorišta za djecu “Lut fest” u Istočnom Sarajevu 2010. godine.</li>
<li style="text-align: left;">Nagrada za najbolju ansambl predstavu za predstavu “Pinocchio” na 12. međunarodnom festivalu lutkarskih pozorišta za djecu “Lut fest” u Istočnom Sarajevu 2011. godine.</li>
<li style="text-align: left;">Grand Prix za najbolju predstavu festivala za predstavu “Pinocchio”na 13. međunarodnom festivalu pozorišta za decu “Zlatna iskra”, Kragujevac 2011. godine.</li>
<li style="text-align: left;">Nagrada ansamblu predstave “Ledeno srce“ za glumačko majstorstvo na 4. međunarodnom festivalu lutkarstva u Podgorici 2015. godine.</li>
</ul>
[/vc_column_text][/vc_column][vc_column width=&#8221;1/3&#8243;][vc_single_image image=&#8221;2306&#8243; img_size=&#8221;full&#8221; style=&#8221;xtd-shadow&#8211;large-hard&#8221;][/vc_column][/vc_row]
</div>

<p>Rođena je u Mostaru, 21. 12. 1969. godine. Završila Pedagošku akademiju u Mostaru, odsjek bosanski jezik i književnost. Bila je članica alternativne pozorišne grupe Teatar &#8220;Lik&#8221;. Od 1993. do 1997. godine živjela u Italiji i radila kao glumica u pozorišnim kompanijama &#8220;Teatro del Mediterraneo&#8221; iz Genove i &#8220;Attori in corso&#8221; iz Brescie. Sa pozorištem „Lik Teatro-Teatro esule&#8221; i predstavom „Regna un grande silenzio&#8230;“ učestvovala je na prestižnim teatarskim festivalima u Italiji i Švicarskoj.</p>
